Let d(r) = 66*r - 45. What are the prime factors of d(7)?
3, 139
Let g = 40 - -10. List the prime factors of g.
2, 5
Let c be 0 + (-2)/(-1) - -3. Let k = 0 + c. Suppose -2*a + 276 = k*r + 112, 0 = 3*r - a - 94. List the prime factors of r.
2
List the prime factors of ((-24)/(-10))/(-4 + (-361)/(-90)).
2, 3
Let f(v) be the second derivative of -v**5/60 - 3*v**4/8 - v**3/2 + 3*v**2 - v. Let l(t) be the first derivative of f(t). What are the prime factors of l(-6)?
3, 5
List the prime factors of (1 + 373)/((-58)/(-28) + -2).
2, 7, 11, 17
Suppose -5*t = 3*y - 5607, -9*y + 5613 = -6*y + 3*t. What are the prime factors of y?
2, 937
Let n(z) = -189*z**3 - 77. Let w(a) = -5*a**3 - 2. Let u(m) = -2*n(m) + 77*w(m). What are the prime factors of u(-1)?
7
Suppose 4*o = 0, -3*u + 1745 = 2*u + 2*o. List the prime factors of u.
349
Let g be (1 - (-2 + 3))/(-1). Let i(c) = -c + 5. Let u be i(g). Suppose -5*b + 110 = 4*v, -u*v - 129 = -b - 3*b. What are the prime factors of b?
2, 13
Suppose -2*q - 102 = 4*g, -3*g + 120 + 51 = -4*q. Let y = q + 143. List the prime factors of y.
2, 7
Let g(q) = -q**2 - 3*q + 70. Let c = 30 + -30. What are the prime factors of g(c)?
2, 5, 7
Suppose 0*o = 3*k + 2*o - 601, -5*o = 2*k - 386. Let r = -119 + k. What are the prime factors of r?
2, 3, 7
Suppose -5 = 4*c + 5*g + 2, 13 = -c - 5*g. Suppose -c*b = -b - 3. Suppose 0 = -2*j - b*j + 120. What are the prime factors of j?
2, 3
Suppose 2*b - 2211 = -3*u, 5*b - 2*b - 5*u = 3345. Suppose 8*w = -14 + b. What are the prime factors of w?
137
Suppose 3*v + 7*q - 3*q - 2 = 0, 3*q + 15 = -5*v. Let k = 12 - v. List the prime factors of (k/(-15))/(4/(-90)).
3
Let z = -15 + 17. Suppose 0 = 5*o - z*w + 186, -o - 3*w + 9 - 36 = 0. Let x = o - -57. List the prime factors of x.
3, 7
Let d = 16 - 14. Suppose d*k - 2 = -0. Suppose 19 = 2*u + k. What are the prime factors of u?
3
Let n = 455 - -47. What are the prime factors of n?
2, 251
Suppose -42*m - 333 = -r - 40*m, 0 = -5*r - 5*m + 1710. What are the prime factors of r?
3, 113
Suppose 5*g + 1012 = -h - h, 3*g + 610 = -4*h. List the prime factors of g/(-4) - 2/4*1.
2, 5
Suppose 2*m = 2*o + 52, 3*o + 38 + 46 = -3*m. What are the prime factors of 9/o - 223/(-3)?
2, 37
Suppose -3822 = -6*o + 3*j, -o - 13*j + 619 = -9*j. List the prime factors of o.
5, 127
Let n(b) = -b**2 + 6*b - 5. Let i be n(4). Let f be -40*3*(-3)/18. Suppose 0 = -4*x - f, -86 = -i*c + 4*x + 24. What are the prime factors of c?
2, 3, 5
Let b = -2725 - -4011. List the prime factors of b.
2, 643
Let k(v) = -24*v + 92. Let p be k(-6). Suppose -2*i - 345 - 817 = -5*h, -h = -4*i - p. What are the prime factors of h?
2, 29
Let g = 5917 + -4160. What are the prime factors of g?
7, 251
Let s = 309 - -1237. List the prime factors of s.
2, 773
Let t be 1*(-120 - (0 + 2)). Let g = t + 175. List the prime factors of g.
53
Let f(m) = 9*m + 64. What are the prime factors of f(31)?
7
Suppose 1 = 6*s - 5. Let k be (3/(-3))/s - 29. List the prime factors of (-2)/((k/141)/5).
47
Let m be 1*(-2 - -3 - -2). Suppose -5*z - 10 = 0, 1 + 1 = s + m*z. List the prime factors of 262/6 + s/24.
2, 11
Let j(p) = -8*p**3 + 9*p**2 - 15*p - 118. List the prime factors of j(-7).
2, 13, 61
Let a be 1/((-39)/(-18) - 2). Let b be (18/12)/(a/(-152)). Let d = -15 - b. List the prime factors of d.
23
Let a be 171/(-4) + (-3)/12. Let l = a + 128. What are the prime factors of l?
5, 17
List the prime factors of 4/9 - 9724/(-153).
2
Let o(j) = 25*j + 2864. List the prime factors of o(0).
2, 179
Let l be (-8)/12*(-153)/(-6). Let x = 21 + l. Suppose 40 = x*z - 2*z. List the prime factors of z.
2, 5
Suppose -26*y - 8857 = -66811. List the prime factors of y.
3, 743
List the prime factors of -11 - (-2 + -3) - -257.
251
Let j be (-2)/(-7) - 1458/(-42). What are the prime factors of 78*(j/(-15) + 3)?
2, 13
Suppose 2*p - 344 = 4*r, 4*r = 5*p - 185 - 165. List the prime factors of (-1874)/(-34) + 10/r.
5, 11
Suppose 0*h + h - 1 = 0. Let t be 1/((-4)/(-12)) - h. List the prime factors of (5 - 4)*6/t.
3
Suppose 1691 + 501 = 8*m. List the prime factors of m.
2, 137
Let r be 39/(-52) + (-42)/8. What are the prime factors of -2 + 6 + r - -82?
2, 5
Suppose 0 = 3*t - 4*t + 9. Let r(v) = -v**2 - 3. Let l be r(3). List the prime factors of (l/t)/((-8)/12).
2
Let v = 239 + -228. Let i be 3/(-2)*(-16)/6. Suppose -3*r + z + 5 = -v, 0 = -i*r - z + 19. List the prime factors of r.
5
Suppose b = 3*b - 10. Suppose -27 = -q - b*a + 20, 2*q - 54 = -2*a. List the prime factors of q + -3 + 2 + -1.
2, 5
Let s = -121 + 127. Suppose q - s*q = -1545. What are the prime factors of q?
3, 103
Let v = 11 + 11. Let x = 37 + v. What are the prime factors of x?
59
Let y(i) = 33*i**2 - 27*i + 55. List the prime factors of y(7).
1483
Let h(d) = 2*d**2 - 12*d + 3. Let f be h(8). List the prime factors of (-231)/(-5) + (-7)/f.
2, 23
Let t be 7/7*(0 + -1). List the prime factors of (t - 1)/((-2)/5).
5
Suppose 156 = 2*k - x, -2*k + 112 = -5*x - 36. List the prime factors of k.
79
Suppose -3*g - 26 - 28 = -2*m, -2*g + 4 = 0. Suppose 5*f - 10 = m. What are the prime factors of f?
2
Suppose -3*c = 2*i - 2574, 4*i + i = 0. List the prime factors of c.
2, 3, 11, 13
Suppose 2*g + 2*g - 5*m = -425, -g + 5*m = 125. List the prime factors of 13/((-13)/g) - -4.
2, 13
Let i be (-12)/20 - (-246)/10. Suppose 5*w = -i + 74. List the prime factors of w.
2, 5
Suppose 3*v + i = 1098, -4*v - 5*i = -1067 - 386. List the prime factors of v.
367
Let d(h) = 3*h**2 - 6*h - 3. Let f(w) = w**2 + 2*w + 2. Let t = -2 + -1. Let z be f(t). What are the prime factors of d(z)?
2, 3, 7
Suppose -2*i = 4*j + 2, 17 = j - 4*i - 5. Suppose o - j*o = 0. Let q = o + 20. List the prime factors of q.
2, 5
Suppose 0 = -3*m - a + 7165, -m + a = 1033 - 3424. List the prime factors of m.
2389
Suppose q + 16 = -3*q - 5*n, 23 = 3*q - 5*n. Suppose b - 6 = -q. Suppose 2*v - b*g - 56 = 30, -4*g = 0. What are the prime factors of v?
43
Let m be (-5 + 4)/(1/(-4)). Let b be 95/2 + m/(-8). Suppose 3*o - b = 19. What are the prime factors of o?
2, 11
Suppose -26*v = -12*v - 3696. List the prime factors of v.
2, 3, 11
Suppose -79 = -5*a + 3*c, 0*a - 2*a - 5*c = -13. Let z be 892/8*6*2. What are the prime factors of 4/a - z/(-21)?
2
Let p(w) = -2*w - w + 0*w. Suppose 0 = 12*s - 15*s - 21. List the prime factors of p(s).
3, 7
Let p(f) = f - 2. Let d = 5 + -11. Let t(a) = -a**3 - 7*a**2 - 9*a - 9. Let h be t(d). What are the prime factors of p(h)?
7
Let j be -2*10*1/(-2). Let x = -6 + j. Suppose -w - 4*w + 5*n = -40, -w = -3*n - x. List the prime factors of w.
2, 5
Let i = 25 + -43. Suppose -25 - 29 = -f. List the prime factors of 120/f + 4/i.
2
Let d be 4 + 1*8/(-2). Suppose d = -2*r - c + 161, -3*c - 181 = 3*r - 5*r. Suppose 2*v - 23 = r. What are the prime factors of v?
53
Let t = -6 - -5. Let i(r) = r + 1. Let o be i(t). Suppose 4*q + 4*n - 3*n - 212 = o, n = 0. What are the prime factors of q?
53
Suppose 5*m - 3 = 7. Suppose 5*n = m*n + 123. List the prime factors of n.
41
Suppose 17*d - 13*d + 1328 = 0. Let i = 586 + d. List the prime factors of i.
2, 127
Let t(y) = -132*y - 2. Let v be 2*1*16/(-32). What are the prime factors of t(v)?
2, 5, 13
Let d(t) be the first derivative of t**4/4 - 14*t**3/3 + 25*t**2/2 + 16*t - 45. What are the prime factors of d(12)?
2, 7
Let t(y) = 2263*y**3 - y**2 + 10*y - 8. What are the prime factors of t(1)?
2, 283
Let d be (-7)/(5/(-140)*-4). Let h = d + 101. What are the prime factors of h?
2, 13
Let y be 2/(-5) - 6/10. List the prime factors of y + 4 - 96*-1.
3, 11
List the prime factors of (4/((-24)/9))/(26/(-1924)).
3, 37
Let v(r) = -r + 19. Let j be v(14). Suppose 4*b - 57 = -j. List the prime factors of b.
13
Let f be 4/(-4 - 0)*5. Let p = -2 - f. Suppose p*w - 43 = 38. List the prime factors of w.
3
List the prime factors of (-9 + 208)*(2 + -1).
199
Let k = 23 + -21. List the prime factors of (-216)/16*(-2 - k).
2, 3
Suppose -3*p + 1 = -2*p. Suppose -2*c - 4*q + 20 = 0, -c - 4*q - p + 17 = 0. Suppose -47 - 6 = -n - c*j, 5*n = -5*j + 190. What are the prime factors of n?
3, 11
Suppose 275 = 2*l + 3*l. Suppose 2*y - 4*w = 3 + l, y = 4*w + 37. List the prime factors of (1 - y/6)*-2.
5
What are the prime factors of (-652096)/(-161) + 10/14?
4051
Let g = -95 - -168. List the p